 what is 6872 - -40?
68b2
In base 12, what is -5 - -3a36?
3a31
In base 12, what is 22 + 19b?
201
In base 3, what is 11000 - 1101212202?
-1101201202
In base 5, what is -132 + -102143?
-102330
In base 3, what is -1200002 + -2?
-1200011
In base 10, what is -374230 - 4?
-374234
In base 2, what is -1 - -11111101001101110?
11111101001101101
In base 16, what is -4435 + -5?
-443a
In base 12, what is 2 + -8b2b?
-8b29
In base 8, what is -1307452 + -3?
-1307455
In base 13, what is 1b978 + 3?
1b97b
In base 16, what is -35a4 + 94?
-3510
In base 10, what is -5812749 - 0?
-5812749
In base 4, what is 233 - -11312?
12211
In base 14, what is 4 + -1645d?
-16459
In base 15, what is 6 + -3a24?
-3a1d
In base 7, what is 551 - 1023?
-142
In base 9, what is 12 + 1122?
1134
In base 12, what is 5 + -1111?
-1108
In base 5, what is 133401124 + 2?
133401131
In base 15, what is -1377b + 14?
-13767
In base 15, what is 18db8 - -6?
18dbe
In base 6, what is 1 - -202145?
202150
In base 14, what is -3b + -143?
-180
In base 2, what is 1010000010110010 + -1?
1010000010110001
In base 9, what is -1 - 2727437?
-2727438
In base 5, what is 3140334 + 0?
3140334
In base 5, what is -121301 + 24?
-121222
In base 12, what is 567a - b?
566b
In base 7, what is -203651 + -104?
-204055
In base 5, what is 113413402 + 2?
113413404
In base 9, what is 4011 + 1786?
5807
In base 4, what is 330 - -310?
1300
In base 11, what is 44 + -462?
-419
In base 6, what is -153305 + 125?
-153140
In base 8, what is 42740 - 53?
42665
In base 16, what is 5 + -db2e1?
-db2dc
In base 3, what is 1122202100222 - 11?
1122202100211
In base 5, what is 2 - -340423?
340430
In base 14, what is 73562 - 0?
73562
In base 2, what is 100010110010 + -10001010?
100000101000
In base 15, what is 12d85 - -3?
12d88
In base 7, what is -4 - -26054?
26050
In base 2, what is 11101111001 - -10001?
11110001010
In base 2, what is -101011001 - -111000?
-100100001
In base 13, what is 2ca1 + 1c?
2cc0
In base 4, what is -301133 - -1130?
-300003
In base 2, what is 100 + -110100011001111000101?
-110100011001111000001
In base 14, what is 1c + 508?
526
In base 3, what is -2111 + 1000102?
220221
In base 14, what is 239 + 3c6?
621
In base 13, what is 147c - -42?
14c1
In base 12, what is -a1 - 13b2?
-1493
In base 4, what is 3 - -1022003?
1022012
In base 14, what is -16 + -20c?
-224
In base 14, what is -2 + 63039?
63037
In base 9, what is -121807 - -6?
-121801
In base 9, what is -7 + 2663?
2655
In base 9, what is 14 + 10388?
10413
In base 6, what is 2331 + -21?
2310
In base 14, what is 10 + 8018a?
8019a
In base 9, what is -13 - 26614?
-26627
In base 8, what is 20 + -60640?
-60620
In base 8, what is 4634 + 143?
4777
In base 16, what is 5 - e8c0?
-e8bb
In base 15, what is -56 + 1ca?
174
In base 6, what is -2505502 - 2?
-2505504
In base 11, what is 6212 - -294?
64a6
In base 7, what is 101 + 15?
116
In base 10, what is 28952 + 0?
28952
In base 11, what is 664 + -75?
59a
In base 14, what is -7306 - 16?
-731c
In base 7, what is 122 - 4002?
-3550
In base 5, what is 12402 - -1444?
14401
In base 9, what is -3262 + 7?
-3254
In base 9, what is -3710 - 1586?
-5406
In base 13, what is 8 - 10c8a?
-10c82
In base 8, what is 3326 + -23?
3303
In base 11, what is 0 - 46082?
-46082
In base 15, what is -17b57 + -2?
-17b59
In base 3, what is 0 + -1100022100020?
-1100022100020
In base 9, what is -3 + 28851?
28847
In base 15, what is 73 + c6?
149
In base 11, what is -199a - -6?
-1994
In base 14, what is b77a + -b?
b76d
In base 3, what is 1120211001 - 1?
1120211000
In base 5, what is -2 + 324440?
324433
In base 14, what is 16c - -607?
775
In base 6, what is -131 + 3504?
3333
In base 7, what is 0 - -52334?
52334
In base 16, what is 43 + 78c?
7cf
In base 11, what is 30 - -8a118?
8a148
In base 4, what is -11221102012 - -2?
-11221102010
In base 10, what is -1 + -17175?
-17176
In base 14, what is 4 - 4ccd?
-4cc9
In base 2, what is 10110010100001110100 + 111?
10110010100001111011
In base 16, what is 5 + 5ee38?
5ee3d
In base 11, what is -1701 - 7?
-1708
In base 2, what is 1100 + 111101100100101?
111101100110001
In base 7, what is -5525136 - 0?
-5525136
In base 7, what is 2 + -50666?
-50664
In base 14, what is -63 + 2cd0?
2c6b
In base 16, what is 2431a - 1b?
242ff
In base 5, what is -132031434 + 4?
-132031430
In base 8, what is -5745 - 420?
-6365
In base 12, what is 44b41 + -19?
44b24
In base 11, what is 685506 + 4?
68550a
In base 12, what is 2426ab - -3?
2426b2
In base 15, what is -2d74 + -20?
-2d94
In base 8, what is -2 - -3157?
3155
In base 10, what is 72460 + -20?
72440
In base 10, what is 742 + 1830?
2572
In base 11, what is 2 - -177077?
177079
In base 9, what is -144355 + 4?
-144351
In base 10, what is -22 - -11865?
11843
In base 2, what is -1000101011110 - -1111?
-1000101001111
In base 4, what is 223232 - -111?
230003
In base 12, what is -244 - 885?
-b09
In base 14, what is 1 + -7398?
-7397
In base 15, what is 21 + 8653?
8674
In base 4, what is -31301203 + 1?
-31301202
In base 16, what is 4 + 1ea62?
1ea66
In base 14, what is -2 - -16cdc2?
16cdc0
In base 14, what is 14382 - -5?
14387
In base 14, what is 13 + -91d1?
-91bc
In base 6, what is 4 - 1342120?
-1342112
In base 2, what is -11 + -10111000010000?
-10111000010011
In base 15, what is 3 - 43a0b?
-43a08
In base 16, what is -2 - -44ab?
44a9
In base 2, what is 101000010101011 - 100111?
101000010000100
In base 9, what is -1 + -1002047?
-1002048
In base 9, what is 5870 - 33?
5836
In base 4, what is -213102 - -10303?
-202133
In base 15, what is -57ac + -1?
-57ad
In base 14, what is 14a - b?
13d
In base 15, what is -64 + 414?
3a0
In base 15, what is 1 - 78ce?
-78cd
In base 14, what is 0 - d129?
-d129
In base 9, what is 3 + -5178?
-5175
In base 15, what is -1 + -23cee?
-23d00
In base 16, what is -58 - c3?
-11b
In base 15, what is 1a + -1db59?
-1db3e
In base 3, what is -100002201 - -21?
-100002110
In base 4, what is -33131102203 - 10?
-33131102213
In base 12, what is 2a2 + -12a7?
-1005
In base 4, what is -20213 + 1?
-20212
In base 2, what is -1010110 - -1001110001010010?
1001101111111100
In base 11, what is 2 + -6769?
-6767
In base 2, what is -10 - -1010101011100001101?
1010101011100001011
In base 11, what is -1 - 27a454?
-27a455
In base 9, what is 272 - 278?
-6
In base 7, what is -306 + 123405?
123066
In base 10, what is 10 + -205703?
-205693
In base 6, what is 54 + 120452?
120550
In base 12, what is 11bb - 460?
95b
In base 4, what is -311320030 - -12?
-311320012
In base 8, what is -117 + 3072?
2753
In base 8, what is 362 - 1050?
-466
In base 2, what is 10 - -11000011000000001?
11000011000000011
In base 8, what is -1 - 1471003?
-1471004
In base 14, what is -d + -516?
-525
In base 15, what is -b1c - 1e?
-b3b
In base 2, what is -101 - -1010110010111001?
1010110010110100
In base 3, what is 10 - -122220000?
122220010
In base 15, what is -163 + 485?
322
In base 13, what is -36ba + 4?
-36b6
In base 16, what is -2 + bc328?
bc326
In base 5, what is -1 - 22020331?
-22020332
In base 10, what is -530 - 97?
-627
In base 7, what is -6105 - 1?
-6106
In base 10, what is 26686 + -142?
26544
In base 9, what is 12 + 1760?
1772
In base 4, what is 102 + 11030330?
11031032
In base 2, what is -10010100010101101010 + 1?
-10010100010101101001
In base 2, what is 100 - -101010000100100?
101010000101000
In base 11, what is 172618 + -4?
172614
In base 5, what is 3 + 120231432?
120231440
In base 4, what is -230331001 + -2?
-230331003
In base 8, what is -5 - 31074?
-31101
In base 6, what is 4342 - -142?
4524
In base 9, what is 36 - -26270?
26316
In base 8, what is 36361 + 1?
36362
In base 8, what is -10 - 1272?
-1302
In base 10, what is -4 - -4040?
4036
In base 9, what is 52 - 586?
-534
In base 4, what is -11 - -30132330?
30132313
In base 13, what is -71 - -620?
57c
In base 6, what is 3 + 101140001?
101140004
In base 15, what is -c33 + 3?
-c30
In base 3, what is 21 + 221010200?
221010221
In base 10, what is 121859 - -2?
121861
In base 6, what is -342 + -30421?
-31203
In base 8, what is -1 - -104410?
104407
In base 10, what is -441 - -330?
-111
In base 12, what is -4ba497 + 5?
-4ba492
In base 9, what is 40521 + -4?
40516
In base 9, what is -174872 - -4?
-174867
In base 5, what is 1301 - 100221?
-43420
In base 14, what is 35 + 403?
438
In base 5, what is -1022422 +